 12?
-a6
What is 2047145 (base 8) in base 12?
223031
Convert 122301111222 (base 4) to base 9.
14175583
What is -11421345 (base 6) in base 8?
-1300301
12351304 (base 6) to base 8
1423670
Convert 133644a (base 14) to base 11.
5265967
What is b3272 (base 14) in base 6?
13124432
Convert -1a4b88 (base 16) to base 9.
-3215786
Convert -15c14 (base 16) to base 2.
-10101110000010100
Convert 3424140113 (base 5) to base 15.
a10873
-2e2ec8 (base 15) to base 11
-1299151
What is -544725 (base 11) in base 13?
-246005
What is -67d19 (base 15) in base 8?
-1205124
What is -559203 (base 10) in base 16?
-88863
-10405255 (base 7) to base 16
-d9ed0
Convert 17124144 (base 8) to base 2.
1111001010100001100100
-766166 (base 12) to base 8
-7121536
What is 81a47 (base 12) in base 14?
458b5
102122132 (base 6) to base 13
4a5bc2
-87c1 (base 13) to base 9
-27847
Convert 16881a8 (base 12) to base 3.
22202200220002
55878 (base 10) to base 11
38a89
What is -7466c (base 14) in base 13?
-9ac89
Convert 10000000011000111011 (base 2) to base 11.
32a116
-531431 (base 6) to base 15
-cbb7
-45aa5 (base 15) to base 5
-24044110
Convert -5555220 (base 6) to base 13.
-9a485
What is -14045404 (base 6) in base 3?
-220000210111
43331 (base 7) to base 15
3302
Convert 190038 (base 12) to base 6.
13200112
Convert 2020122101002 (base 3) to base 15.
188a15
-111060 (base 12) to base 9
-453220
-10153320 (base 8) to base 4
-20031123100
Convert -2044311 (base 6) to base 16.
-18493
What is -5132435 (base 6) in base 10?
-245543
What is -254833 (base 9) in base 14?
-40437
What is 164e64 (base 15) in base 6?
35051221
Convert -824661 (base 10) to base 5.
-202342121
What is -20415145 (base 6) in base 2?
-10010000111000001001
Convert -3141241004 (base 5) to base 16.
-64827c
What is 362b97 (base 12) in base 15?
124897
Convert -37571040 (base 8) to base 10.
-8319520
2121000211111 (base 3) to base 5
323102132
-11430322 (base 5) to base 7
-630326
2555224 (base 6) to base 12
68b14
-10002300 (base 5) to base 4
-103021302
Convert 2000211110 (base 3) to base 2.
1001110000100100
What is 40d39 (base 16) in base 14?
6caa5
What is -226539a (base 12) in base 5?
-3142300423
What is 11000000010110010001100 (base 2) in base 16?
602c8c
31877 (base 16) to base 3
101022021202
What is 1387871 (base 9) in base 11?
4841a4
Convert -62265 (base 12) to base 11.
-8838a
Convert -94426 (base 12) to base 2.
-101111011001011110
What is 42226 (base 8) in base 9?
26068
Convert 135203021 (base 7) to base 14.
1268381
11012011000222 (base 3) to base 13
5cc930
1303003132 (base 4) to base 15
94977
What is 65b572 (base 12) in base 2?
110001010101001100110
What is 177634 (base 14) in base 5?
202432131
18b2c5 (base 13) to base 10
624447
Convert -3216635 (base 7) to base 11.
-248024
Convert 53b180 (base 13) to base 9.
3626577
1ab852 (base 14) to base 15
13c923
Convert -12763503 (base 8) to base 2.
-1010111110011101000011
20322144 (base 5) to base 16
28d06
What is 4475 (base 8) in base 5?
33430
Convert -205305341 (base 6) to base 11.
-2050600
-134032105 (base 6) to base 4
-22111232021
Convert -110111110001000111 (base 2) to base 9.
-377303
What is -1101000010000001111 (base 2) in base 7?
-3425652
What is 578064 (base 9) in base 15?
6cc77
-1ba98 (base 15) to base 10
-90143
5542500 (base 8) to base 9
2724027
-44342114 (base 7) to base 4
-32211332003
12042041421 (base 5) to base 2
110101011110011100111001
Convert -4214324 (base 5) to base 9.
-115867
What is 1032031332 (base 4) in base 10?
320382
6161014 (base 8) to base 9
3054844
What is -3d9b0d (base 14) in base 2?
-1000001010011001100001
Convert -30302261 (base 7) to base 15.
-34c352
What is -a7d0 (base 16) in base 15?
-cae0
Convert 6500135 (base 11) to base 12.
39b5424
-104316 (base 10) to base 15
-20d96
What is -58740 (base 11) in base 13?
-2c75a
What is -11033310310 (base 4) in base 7?
-14456215
-22041 (base 7) to base 14
-2021
Convert 1401200023 (base 5) to base 7.
42032310
3ebdac (base 16) to base 15
563493
Convert -182e1 (base 16) to base 2.
-11000001011100001
What is 18212 (base 15) in base 9?
128108
Convert 5050150 (base 6) to base 3.
110011222110
What is 130807 (base 9) in base 8?
233033
Convert 6540644 (base 7) to base 15.
10bede
What is -20210112 (base 4) in base 6?
-430250
What is -1100111010010101101101 (base 2) in base 14?
-6416b3
12735 (base 12) to base 5
1301431
6030ac (base 13) to base 5
1033000431
What is 66a23 (base 11) in base 10?
97067
Convert b3604b (base 15) to base 9.
17033478
Convert 4a7615 (base 11) to base 12.
327429
22126143 (base 8) to base 6
250025351
What is 1111001011000010 (base 2) in base 3?
10011020201
What is 79a19c (base 14) in base 3?
21210020122212
-5533120 (base 6) to base 11
-179a16
Convert 451657 (base 11) to base 6.
23231052
Convert 5507a1 (base 12) to base 11.
841556
Convert -129b8d (base 14) to base 11.
-3a9083
Convert 24da04 (base 16) to base 10.
2415108
Convert -103094 (base 12) to base 7.
-2105620
What is 1100011011001000000010 (base 2) in base 10?
3256834
What is -57135e (base 15) in base 13?
-b26514
Convert 144334202 (base 6) to base 13.
816c1a
What is -5510323 (base 7) in base 14?
-137d13
4212113 (base 8) to base 5
241304212
-133254 (base 14) to base 8
-2414412
Convert -3323330 (base 5) to base 4.
-32021231
Convert -1344c (base 13) to base 14.
-d11a
Convert -17511 (base 8) to base 4.
-1331021
2251506 (base 7) to base 2
1000100101110100111
-22f87 (base 16) to base 11
-98688
134333412 (base 6) to base 15
39015e
-690754 (base 13) to base 3
-11200022020021
What is -10101010011110000 (base 2) in base 15?
-1acda
Convert 1437244 (base 9) to base 15.
109cba
What is 169dff (base 16) in base 14?
2a8263
Convert 433102130 (base 5) to base 10.
1847165
What is 31321223310 (base 4) in base 13?
9a7901
What is 102033103101 (base 4) in base 11?
2776265
8657a (base 16) to base 8
2062572
Convert 120100312 (base 4) to base 10.
99382
112120002222 (base 3) to base 5
33132302
Convert 56331a (base 16) to base 6.
321025334
What is -111002120122 (base 3) in base 8?
-767337
Convert -1014031203 (base 5) to base 15.
-2b5ea3
Convert 10570515 (base 9) to base 15.
6b35c5
What is -22303133211 (base 4) in base 7?
-33034413
Convert -27da5 (base 16) to base 2.
-100111110110100101
Convert 1000010001001 (base 2) to base 5.
113413
Convert 1110000100011000000 (base 2) to base 5.
104222432
Convert -4794461 (base 10) to base 12.
-17326a5
Convert 53522a (base 16) to base 12.
19b4036
What is 259d81 (base 14) in base 9?
2383463
Convert 73647 (base 13) to base 2.
110010101011100111
Convert -406620 (base 8) to base 13.
-49317
Convert -103012a (base 11) to base 7.
-21301255
What is 303011333323 (base 4) in base 16?
cc5ffb
What is -2024053 (base 6) in base 9?
-156706
-196ca6 (base 15) to base 6
-42311550
What is -1320843 (base 14) in base 6?
-525351551
What is -1001121111120011 (base 3) in base 9?
-31544504
-1000100110100001 (base 2) to base 3
-1210022221
Convert 101010010101111111011110 (base 2) to base 10.
11100126
What is -11010010001110101 (base 2) in base 5?
-11421022
-426751 (base 8) to base 10
-142825
101715 (base 8) to base 3
1201021200
2034101 (base 5) to base 10
33651
Convert 1658377 (base 9) to base 6.
31452541
Convert 2041ba1 (base 13) to base 8.
45216021
Convert -110011101100100 (base 2) to base 9.
-40268
-75479 (base 14) to base 7
-2260412
Convert 386193 (base 11) to base 4.
2110203222
Convert -25071 (base 11) to base 3.
-1211101220
What is -1a5643 (base 13) in base 14?
-135b09
Convert 21778 (base 14) to base 13.
2ab7c
Convert 27b87 (base 15) to base 3.
20110212101
What is 263216 (base 8) in base 4?
112122032
What is 2434460 (base 7) in base 4?
1030000223
Convert 280661 (base 10) to base 8.
1044125
Convert -1867024 (base 9) to base 4.
-3333330010
4440172 (base 10) to base 13
bc6029
-115357 (base 10) to base 13
-40678
What is ca71 (base 15) in base 5?
2332411
Convert -cc2691 (base 13) to base 8.
-22246276
What is 10110000010000101010 (base 2) in base 14?
14b16a
Convert 855496 (base 10) to base 14.
183aac
What is 361500 (base 13) in base 15?
1a6aac
What is 452b4c (base 13) in base 5?
404244134
20212210101021 (base 3) to base 14
6b29c1
Convert -113323343 (base 5) to base 12.
-214997
87253 (base 13) to base 5
30304043
What is 113022102 (base 4) in base 7?
543402
6564257 (base 9) to ba